{"id":10,"date":"2016-02-03T21:22:19","date_gmt":"2016-02-03T21:22:19","guid":{"rendered":"http:\/\/www.harlander-stiftung.de\/?page_id=10"},"modified":"2016-02-03T21:31:48","modified_gmt":"2016-02-03T21:31:48","slug":"unsere-motivation","status":"publish","type":"page","link":"https:\/\/www.harlander-stiftung.de\/?page_id=10","title":{"rendered":"Unsere Motivation"},"content":{"rendered":"<p>Uns als Stifter besch\u00e4ftigen eine Vielzahl von gesellschaftlich relevanten Themen, die wir f\u00f6rdern und voranbringen m\u00f6chten. Zu diesem Zweck gr\u00fcnden wir die Harlander-Stiftung.<\/p>\n<p>Die Stifter sehen mit Sorge, dass die elementaren Wissenschaften Mathematik, Naturwissenschaften und Informatik in der Gesellschaft nicht die Stellung und Wertsch\u00e4tzung erfahren, die ihrer Bedeutung f\u00fcr unsere Gesellschaft entsprechen.<\/p>\n<p>Uns liegt zum einen am Herzen, dass Kinder und Jugendliche auf geeignete altersgerechte Weise die Faszination dieser Wissenschaften erfahren, eigenes Wissen und Interesse aufbauen und vertiefen k\u00f6nnen. Zum anderen erachten wir es als wichtig, dass alle Bev\u00f6lkerungsgruppen, insbesondere auch M\u00e4dchen und Frauen, sich diesen Wissenschaften vorurteilsfrei \u00f6ffnen k\u00f6nnen, indem sie sie in ihrer Vielfalt kennenlernen k\u00f6nnen.<\/p>\n<p>Die Verbundenheit der Stifter zur Gemeinde Kirchheim bei M\u00fcnchen veranlasst uns, vorrangig regional gemeinn\u00fctzige Zwecke zu f\u00f6rdern. Hierbei liegen uns vor allem die gesellschaftlichen Ver\u00e4nderungen am Herzen, die die Gemeinde vor immer neue Herausforderungen stellen. Zur Bew\u00e4ltigung dieser Herausforderungen m\u00f6chten wir unseren Beitrag leisten, indem wir z. B. Bildung in Bezug auf das demokratische Gemeinwesen ebenso f\u00f6rdern wie Umweltschutz, Kultur oder V\u00f6lkerverst\u00e4ndigung.<\/p>\n<p>Zu guter Letzt liegt uns aus langj\u00e4hriger Verbundenheit der Jugendfu\u00dfball in der Gemeinde Kirchheim am Herzen, wobei wir hier insbesondere den SV Heimstetten f\u00f6rdern m\u00f6chten.<\/p>\n","protected":false},"excerpt":{"rendered":"<p>Uns als Stifter besch\u00e4ftigen eine Vielzahl von gesellschaftlich relevanten Themen, die wir f\u00f6rdern und voranbringen m\u00f6chten. Zu diesem Zweck gr\u00fcnden wir die Harlander-Stiftung. Die Stifter sehen mit Sorge, dass die elementaren Wissenschaften Mathematik, Naturwissenschaften und Informatik in der Gesellschaft nicht die Stellung und Wertsch\u00e4tzung erfahren, die ihrer Bedeutung f\u00fcr unsere Gesellschaft entsprechen. Uns liegt zum einen am Herzen, dass Kinder und Jugendliche auf geeignete altersgerechte Weise die Faszination dieser Wissenschaften&hellip;<\/p>\n","protected":false},"author":1,"featured_media":0,"parent":2,"menu_order":0,"comment_status":"closed","ping_status":"closed","template":"","meta":{"_acf_changed":false,"footnotes":""},"class_list":["post-10","page","type-page","status-publish","hentry"],"acf":[],"yoast_head":"<!-- This site is optimized with the Yoast SEO plugin v27.5 - https:\/\/yoast.com\/product\/yoast-seo-wordpress\/ -->\n<title>Unsere Motivation - Harlander-Stiftung<\/title>\n<meta name=\"robots\" content=\"index, follow, max-snippet:-1, max-image-preview:large, max-video-preview:-1\" \/>\n<link rel=\"canonical\" href=\"https:\/\/www.harlander-stiftung.de\/?page_id=10\" \/>\n<meta property=\"og:locale\" content=\"de_DE\" \/>\n<meta property=\"og:type\" content=\"article\" \/>\n<meta property=\"og:title\" content=\"Unsere Motivation - Harlander-Stiftung\" \/>\n<meta property=\"og:description\" content=\"Uns als Stifter besch\u00e4ftigen eine Vielzahl von gesellschaftlich relevanten Themen, die wir f\u00f6rdern und voranbringen m\u00f6chten. Zu diesem Zweck gr\u00fcnden wir die Harlander-Stiftung. Die Stifter sehen mit Sorge, dass die elementaren Wissenschaften Mathematik, Naturwissenschaften und Informatik in der Gesellschaft nicht die Stellung und Wertsch\u00e4tzung erfahren, die ihrer Bedeutung f\u00fcr unsere Gesellschaft entsprechen. Uns liegt zum einen am Herzen, dass Kinder und Jugendliche auf geeignete altersgerechte Weise die Faszination dieser Wissenschaften&hellip;\" \/>\n<meta property=\"og:url\" content=\"https:\/\/www.harlander-stiftung.de\/?page_id=10\" \/>\n<meta property=\"og:site_name\" content=\"Harlander-Stiftung\" \/>\n<meta property=\"article:modified_time\" content=\"2016-02-03T21:31:48+00:00\" \/>\n<meta name=\"twitter:card\" content=\"summary_large_image\" \/>\n<meta name=\"twitter:label1\" content=\"Gesch\u00e4tzte Lesezeit\" \/>\n\t<meta name=\"twitter:data1\" content=\"1\u00a0Minute\" \/>\n<script type=\"application\/ld+json\" class=\"yoast-schema-graph\">{\"@context\":\"https:\\\/\\\/schema.org\",\"@graph\":[{\"@type\":\"WebPage\",\"@id\":\"https:\\\/\\\/www.harlander-stiftung.de\\\/?page_id=10\",\"url\":\"https:\\\/\\\/www.harlander-stiftung.de\\\/?page_id=10\",\"name\":\"Unsere Motivation - Harlander-Stiftung\",\"isPartOf\":{\"@id\":\"https:\\\/\\\/www.harlander-stiftung.de\\\/#website\"},\"datePublished\":\"2016-02-03T21:22:19+00:00\",\"dateModified\":\"2016-02-03T21:31:48+00:00\",\"breadcrumb\":{\"@id\":\"https:\\\/\\\/www.harlander-stiftung.de\\\/?page_id=10#breadcrumb\"},\"inLanguage\":\"de\",\"potentialAction\":[{\"@type\":\"ReadAction\",\"target\":[\"https:\\\/\\\/www.harlander-stiftung.de\\\/?page_id=10\"]}]},{\"@type\":\"BreadcrumbList\",\"@id\":\"https:\\\/\\\/www.harlander-stiftung.de\\\/?page_id=10#breadcrumb\",\"itemListElement\":[{\"@type\":\"ListItem\",\"position\":1,\"name\":\"Startseite\",\"item\":\"https:\\\/\\\/www.harlander-stiftung.de\\\/\"},{\"@type\":\"ListItem\",\"position\":2,\"name\":\"Die Harlander-Stiftung\",\"item\":\"https:\\\/\\\/www.harlander-stiftung.de\\\/?page_id=2\"},{\"@type\":\"ListItem\",\"position\":3,\"name\":\"Unsere Motivation\"}]},{\"@type\":\"WebSite\",\"@id\":\"https:\\\/\\\/www.harlander-stiftung.de\\\/#website\",\"url\":\"https:\\\/\\\/www.harlander-stiftung.de\\\/\",\"name\":\"Harlander-Stiftung\",\"description\":\"Zukunft durch Bildung\",\"publisher\":{\"@id\":\"https:\\\/\\\/www.harlander-stiftung.de\\\/#organization\"},\"potentialAction\":[{\"@type\":\"SearchAction\",\"target\":{\"@type\":\"EntryPoint\",\"urlTemplate\":\"https:\\\/\\\/www.harlander-stiftung.de\\\/?s={search_term_string}\"},\"query-input\":{\"@type\":\"PropertyValueSpecification\",\"valueRequired\":true,\"valueName\":\"search_term_string\"}}],\"inLanguage\":\"de\"},{\"@type\":\"Organization\",\"@id\":\"https:\\\/\\\/www.harlander-stiftung.de\\\/#organization\",\"name\":\"Harlander-Stiftung\",\"url\":\"https:\\\/\\\/www.harlander-stiftung.de\\\/\",\"logo\":{\"@type\":\"ImageObject\",\"inLanguage\":\"de\",\"@id\":\"https:\\\/\\\/www.harlander-stiftung.de\\\/#\\\/schema\\\/logo\\\/image\\\/\",\"url\":\"https:\\\/\\\/www.harlander-stiftung.de\\\/wp-content\\\/uploads\\\/2016\\\/02\\\/cropped-cropped-Galaxy-Desktop-Wallpapers-1.jpg\",\"contentUrl\":\"https:\\\/\\\/www.harlander-stiftung.de\\\/wp-content\\\/uploads\\\/2016\\\/02\\\/cropped-cropped-Galaxy-Desktop-Wallpapers-1.jpg\",\"width\":290,\"height\":70,\"caption\":\"Harlander-Stiftung\"},\"image\":{\"@id\":\"https:\\\/\\\/www.harlander-stiftung.de\\\/#\\\/schema\\\/logo\\\/image\\\/\"}}]}<\/script>\n<!-- \/ Yoast SEO plugin. -->","yoast_head_json":{"title":"Unsere Motivation - Harlander-Stiftung","robots":{"index":"index","follow":"follow","max-snippet":"max-snippet:-1","max-image-preview":"max-image-preview:large","max-video-preview":"max-video-preview:-1"},"canonical":"https:\/\/www.harlander-stiftung.de\/?page_id=10","og_locale":"de_DE","og_type":"article","og_title":"Unsere Motivation - Harlander-Stiftung","og_description":"Uns als Stifter besch\u00e4ftigen eine Vielzahl von gesellschaftlich relevanten Themen, die wir f\u00f6rdern und voranbringen m\u00f6chten. Zu diesem Zweck gr\u00fcnden wir die Harlander-Stiftung. Die Stifter sehen mit Sorge, dass die elementaren Wissenschaften Mathematik, Naturwissenschaften und Informatik in der Gesellschaft nicht die Stellung und Wertsch\u00e4tzung erfahren, die ihrer Bedeutung f\u00fcr unsere Gesellschaft entsprechen. Uns liegt zum einen am Herzen, dass Kinder und Jugendliche auf geeignete altersgerechte Weise die Faszination dieser Wissenschaften&hellip;","og_url":"https:\/\/www.harlander-stiftung.de\/?page_id=10","og_site_name":"Harlander-Stiftung","article_modified_time":"2016-02-03T21:31:48+00:00","twitter_card":"summary_large_image","twitter_misc":{"Gesch\u00e4tzte Lesezeit":"1\u00a0Minute"},"schema":{"@context":"https:\/\/schema.org","@graph":[{"@type":"WebPage","@id":"https:\/\/www.harlander-stiftung.de\/?page_id=10","url":"https:\/\/www.harlander-stiftung.de\/?page_id=10","name":"Unsere Motivation - Harlander-Stiftung","isPartOf":{"@id":"https:\/\/www.harlander-stiftung.de\/#website"},"datePublished":"2016-02-03T21:22:19+00:00","dateModified":"2016-02-03T21:31:48+00:00","breadcrumb":{"@id":"https:\/\/www.harlander-stiftung.de\/?page_id=10#breadcrumb"},"inLanguage":"de","potentialAction":[{"@type":"ReadAction","target":["https:\/\/www.harlander-stiftung.de\/?page_id=10"]}]},{"@type":"BreadcrumbList","@id":"https:\/\/www.harlander-stiftung.de\/?page_id=10#breadcrumb","itemListElement":[{"@type":"ListItem","position":1,"name":"Startseite","item":"https:\/\/www.harlander-stiftung.de\/"},{"@type":"ListItem","position":2,"name":"Die Harlander-Stiftung","item":"https:\/\/www.harlander-stiftung.de\/?page_id=2"},{"@type":"ListItem","position":3,"name":"Unsere Motivation"}]},{"@type":"WebSite","@id":"https:\/\/www.harlander-stiftung.de\/#website","url":"https:\/\/www.harlander-stiftung.de\/","name":"Harlander-Stiftung","description":"Zukunft durch Bildung","publisher":{"@id":"https:\/\/www.harlander-stiftung.de\/#organization"},"potentialAction":[{"@type":"SearchAction","target":{"@type":"EntryPoint","urlTemplate":"https:\/\/www.harlander-stiftung.de\/?s={search_term_string}"},"query-input":{"@type":"PropertyValueSpecification","valueRequired":true,"valueName":"search_term_string"}}],"inLanguage":"de"},{"@type":"Organization","@id":"https:\/\/www.harlander-stiftung.de\/#organization","name":"Harlander-Stiftung","url":"https:\/\/www.harlander-stiftung.de\/","logo":{"@type":"ImageObject","inLanguage":"de","@id":"https:\/\/www.harlander-stiftung.de\/#\/schema\/logo\/image\/","url":"https:\/\/www.harlander-stiftung.de\/wp-content\/uploads\/2016\/02\/cropped-cropped-Galaxy-Desktop-Wallpapers-1.jpg","contentUrl":"https:\/\/www.harlander-stiftung.de\/wp-content\/uploads\/2016\/02\/cropped-cropped-Galaxy-Desktop-Wallpapers-1.jpg","width":290,"height":70,"caption":"Harlander-Stiftung"},"image":{"@id":"https:\/\/www.harlander-stiftung.de\/#\/schema\/logo\/image\/"}}]}},"_links":{"self":[{"href":"https:\/\/www.harlander-stiftung.de\/index.php?rest_route=\/wp\/v2\/pages\/10","targetHints":{"allow":["GET"]}}],"collection":[{"href":"https:\/\/www.harlander-stiftung.de\/index.php?rest_route=\/wp\/v2\/pages"}],"about":[{"href":"https:\/\/www.harlander-stiftung.de\/index.php?rest_route=\/wp\/v2\/types\/page"}],"author":[{"embeddable":true,"href":"https:\/\/www.harlander-stiftung.de\/index.php?rest_route=\/wp\/v2\/users\/1"}],"replies":[{"embeddable":true,"href":"https:\/\/www.harlander-stiftung.de\/index.php?rest_route=%2Fwp%2Fv2%2Fcomments&post=10"}],"version-history":[{"count":2,"href":"https:\/\/www.harlander-stiftung.de\/index.php?rest_route=\/wp\/v2\/pages\/10\/revisions"}],"predecessor-version":[{"id":12,"href":"https:\/\/www.harlander-stiftung.de\/index.php?rest_route=\/wp\/v2\/pages\/10\/revisions\/12"}],"up":[{"embeddable":true,"href":"https:\/\/www.harlander-stiftung.de\/index.php?rest_route=\/wp\/v2\/pages\/2"}],"wp:attachment":[{"href":"https:\/\/www.harlander-stiftung.de\/index.php?rest_route=%2Fwp%2Fv2%2Fmedia&parent=10"}],"curies":[{"name":"wp","href":"https:\/\/api.w.org\/{rel}","templated":true}]}}