{"id":15,"date":"2016-02-03T21:29:39","date_gmt":"2016-02-03T21:29:39","guid":{"rendered":"http:\/\/www.harlander-stiftung.de\/?page_id=15"},"modified":"2026-01-09T17:05:47","modified_gmt":"2026-01-09T16:05:47","slug":"stiftungszweck","status":"publish","type":"page","link":"https:\/\/www.harlander-stiftung.de\/?page_id=15","title":{"rendered":"\u00dcber die Stiftung"},"content":{"rendered":"\n<p>&nbsp;<\/p>\n\n\n\n<p>Die Harlander-Stiftung ist eine rechtsf\u00e4hige Stiftung. Sie wurde am 18. Dezember 2015 von Dr. Magnus Harlander und Dr. Michaela Harlander gegr\u00fcndet und ist vom Finanzamt als gemeinn\u00fctzig anerkannt. Magnus und Michaela Harlander leiten die Stiftung seit Gr\u00fcndung als ehrenamtliche Vorst\u00e4nde.<\/p>\n<p>Die gemeinn\u00fctzigen Zwecke der Stiftung sind die F\u00f6rderung von Bildung, Erziehung und Wissenschaft, Umweltschutz, V\u00f6lkerverst\u00e4ndigung und des Sports. Die Stiftung verfolgt diese Zwecke mit regionalem Schwerpunkt auf Kirchheim bei M\u00fcnchen und Umgebung. Gelegentlich werden auch Projekte gef\u00f6rdert, die keinen Bezug zu Kirchheim haben. Die Stiftung muss dabei nicht alle Zwecke gleichzeitig und in gleichem Umfang verfolgen. Welche der Zwecke jeweils vorrangig verfolgt werden, entscheidet der Stiftungsvorstand.<\/p>\n<p>F\u00fcr unsere F\u00f6rderung gelten aktuell folgende Bedingungen:<\/p>\n<ul>\n<li>Es muss sichergestellt sein, dass eine Dokumentation zu den Projekten zur Verf\u00fcgung gestellt werden kann. Das kann z.B. bei einer Konzepterstellung ein Bericht sein oder bei anderen Projekten das Foto eines Ergebnisses oder der \u00dcbergabe von Ausr\u00fcstungsgegenst\u00e4nden.<\/li>\n<li>Es muss sichergestellt werden, dass der Betrag, den die Stiftung f\u00fcr das Projekt aufwendet, ausschlie\u00dflich dem Projekt zugute kommt. Zum Beispiel w\u00e4re es nicht zul\u00e4ssig, wenn f\u00fcr den von der Stiftung aufgewendeten Betrag eine Provision an jemanden gezahlt wird.<\/li>\n<li>Laufende, unspezifische F\u00f6rderung kommt nur in besonderen F\u00e4llen (z.B. bei Youth Solution Africa) in Betracht. In der Regel f\u00f6rdern wir zeitlich und kostenm\u00e4\u00dfig klar begrenzte Projekte, wobei diese sich durchaus wiederholen k\u00f6nnen, z.B. bei der Ausstattung von Sportmannschaften.<\/li>\n<\/ul>\n\n\n","protected":false},"excerpt":{"rendered":"<p>&nbsp; Die Harlander-Stiftung ist eine rechtsf\u00e4hige Stiftung. Sie wurde am 18. Dezember 2015 von Dr. Magnus Harlander und Dr. Michaela Harlander gegr\u00fcndet und ist vom Finanzamt als gemeinn\u00fctzig anerkannt. Magnus und Michaela Harlander leiten die Stiftung seit Gr\u00fcndung als ehrenamtliche Vorst\u00e4nde. Die gemeinn\u00fctzigen Zwecke der Stiftung sind die F\u00f6rderung von Bildung, Erziehung und Wissenschaft, Umweltschutz, V\u00f6lkerverst\u00e4ndigung und des Sports. Die Stiftung verfolgt diese Zwecke mit regionalem Schwerpunkt auf Kirchheim bei&hellip;<\/p>\n","protected":false},"author":1,"featured_media":0,"parent":2,"menu_order":0,"comment_status":"closed","ping_status":"closed","template":"","meta":{"_acf_changed":false,"footnotes":""},"class_list":["post-15","page","type-page","status-publish","hentry"],"acf":[],"yoast_head":"<!-- This site is optimized with the Yoast SEO plugin v27.5 - https:\/\/yoast.com\/product\/yoast-seo-wordpress\/ -->\n<title>\u00dcber die Stiftung - Harlander-Stiftung<\/title>\n<meta name=\"robots\" content=\"index, follow, max-snippet:-1, max-image-preview:large, max-video-preview:-1\" \/>\n<link rel=\"canonical\" href=\"https:\/\/www.harlander-stiftung.de\/?page_id=15\" \/>\n<meta property=\"og:locale\" content=\"de_DE\" \/>\n<meta property=\"og:type\" content=\"article\" \/>\n<meta property=\"og:title\" content=\"\u00dcber die Stiftung - Harlander-Stiftung\" \/>\n<meta property=\"og:description\" content=\"&nbsp; Die Harlander-Stiftung ist eine rechtsf\u00e4hige Stiftung. Sie wurde am 18. Dezember 2015 von Dr. Magnus Harlander und Dr. Michaela Harlander gegr\u00fcndet und ist vom Finanzamt als gemeinn\u00fctzig anerkannt. Magnus und Michaela Harlander leiten die Stiftung seit Gr\u00fcndung als ehrenamtliche Vorst\u00e4nde. Die gemeinn\u00fctzigen Zwecke der Stiftung sind die F\u00f6rderung von Bildung, Erziehung und Wissenschaft, Umweltschutz, V\u00f6lkerverst\u00e4ndigung und des Sports. Die Stiftung verfolgt diese Zwecke mit regionalem Schwerpunkt auf Kirchheim bei&hellip;\" \/>\n<meta property=\"og:url\" content=\"https:\/\/www.harlander-stiftung.de\/?page_id=15\" \/>\n<meta property=\"og:site_name\" content=\"Harlander-Stiftung\" \/>\n<meta property=\"article:modified_time\" content=\"2026-01-09T16:05:47+00:00\" \/>\n<meta name=\"twitter:card\" content=\"summary_large_image\" \/>\n<meta name=\"twitter:label1\" content=\"Gesch\u00e4tzte Lesezeit\" \/>\n\t<meta name=\"twitter:data1\" content=\"2\u00a0Minuten\" \/>\n<script type=\"application\/ld+json\" class=\"yoast-schema-graph\">{\"@context\":\"https:\\\/\\\/schema.org\",\"@graph\":[{\"@type\":\"WebPage\",\"@id\":\"https:\\\/\\\/www.harlander-stiftung.de\\\/?page_id=15\",\"url\":\"https:\\\/\\\/www.harlander-stiftung.de\\\/?page_id=15\",\"name\":\"\u00dcber die Stiftung - Harlander-Stiftung\",\"isPartOf\":{\"@id\":\"https:\\\/\\\/www.harlander-stiftung.de\\\/#website\"},\"datePublished\":\"2016-02-03T21:29:39+00:00\",\"dateModified\":\"2026-01-09T16:05:47+00:00\",\"breadcrumb\":{\"@id\":\"https:\\\/\\\/www.harlander-stiftung.de\\\/?page_id=15#breadcrumb\"},\"inLanguage\":\"de\",\"potentialAction\":[{\"@type\":\"ReadAction\",\"target\":[\"https:\\\/\\\/www.harlander-stiftung.de\\\/?page_id=15\"]}]},{\"@type\":\"BreadcrumbList\",\"@id\":\"https:\\\/\\\/www.harlander-stiftung.de\\\/?page_id=15#breadcrumb\",\"itemListElement\":[{\"@type\":\"ListItem\",\"position\":1,\"name\":\"Startseite\",\"item\":\"https:\\\/\\\/www.harlander-stiftung.de\\\/\"},{\"@type\":\"ListItem\",\"position\":2,\"name\":\"Die Harlander-Stiftung\",\"item\":\"https:\\\/\\\/www.harlander-stiftung.de\\\/?page_id=2\"},{\"@type\":\"ListItem\",\"position\":3,\"name\":\"\u00dcber die Stiftung\"}]},{\"@type\":\"WebSite\",\"@id\":\"https:\\\/\\\/www.harlander-stiftung.de\\\/#website\",\"url\":\"https:\\\/\\\/www.harlander-stiftung.de\\\/\",\"name\":\"Harlander-Stiftung\",\"description\":\"Zukunft durch Bildung\",\"publisher\":{\"@id\":\"https:\\\/\\\/www.harlander-stiftung.de\\\/#organization\"},\"potentialAction\":[{\"@type\":\"SearchAction\",\"target\":{\"@type\":\"EntryPoint\",\"urlTemplate\":\"https:\\\/\\\/www.harlander-stiftung.de\\\/?s={search_term_string}\"},\"query-input\":{\"@type\":\"PropertyValueSpecification\",\"valueRequired\":true,\"valueName\":\"search_term_string\"}}],\"inLanguage\":\"de\"},{\"@type\":\"Organization\",\"@id\":\"https:\\\/\\\/www.harlander-stiftung.de\\\/#organization\",\"name\":\"Harlander-Stiftung\",\"url\":\"https:\\\/\\\/www.harlander-stiftung.de\\\/\",\"logo\":{\"@type\":\"ImageObject\",\"inLanguage\":\"de\",\"@id\":\"https:\\\/\\\/www.harlander-stiftung.de\\\/#\\\/schema\\\/logo\\\/image\\\/\",\"url\":\"https:\\\/\\\/www.harlander-stiftung.de\\\/wp-content\\\/uploads\\\/2016\\\/02\\\/cropped-cropped-Galaxy-Desktop-Wallpapers-1.jpg\",\"contentUrl\":\"https:\\\/\\\/www.harlander-stiftung.de\\\/wp-content\\\/uploads\\\/2016\\\/02\\\/cropped-cropped-Galaxy-Desktop-Wallpapers-1.jpg\",\"width\":290,\"height\":70,\"caption\":\"Harlander-Stiftung\"},\"image\":{\"@id\":\"https:\\\/\\\/www.harlander-stiftung.de\\\/#\\\/schema\\\/logo\\\/image\\\/\"}}]}<\/script>\n<!-- \/ Yoast SEO plugin. -->","yoast_head_json":{"title":"\u00dcber die Stiftung - Harlander-Stiftung","robots":{"index":"index","follow":"follow","max-snippet":"max-snippet:-1","max-image-preview":"max-image-preview:large","max-video-preview":"max-video-preview:-1"},"canonical":"https:\/\/www.harlander-stiftung.de\/?page_id=15","og_locale":"de_DE","og_type":"article","og_title":"\u00dcber die Stiftung - Harlander-Stiftung","og_description":"&nbsp; Die Harlander-Stiftung ist eine rechtsf\u00e4hige Stiftung. Sie wurde am 18. Dezember 2015 von Dr. Magnus Harlander und Dr. Michaela Harlander gegr\u00fcndet und ist vom Finanzamt als gemeinn\u00fctzig anerkannt. Magnus und Michaela Harlander leiten die Stiftung seit Gr\u00fcndung als ehrenamtliche Vorst\u00e4nde. Die gemeinn\u00fctzigen Zwecke der Stiftung sind die F\u00f6rderung von Bildung, Erziehung und Wissenschaft, Umweltschutz, V\u00f6lkerverst\u00e4ndigung und des Sports. Die Stiftung verfolgt diese Zwecke mit regionalem Schwerpunkt auf Kirchheim bei&hellip;","og_url":"https:\/\/www.harlander-stiftung.de\/?page_id=15","og_site_name":"Harlander-Stiftung","article_modified_time":"2026-01-09T16:05:47+00:00","twitter_card":"summary_large_image","twitter_misc":{"Gesch\u00e4tzte Lesezeit":"2\u00a0Minuten"},"schema":{"@context":"https:\/\/schema.org","@graph":[{"@type":"WebPage","@id":"https:\/\/www.harlander-stiftung.de\/?page_id=15","url":"https:\/\/www.harlander-stiftung.de\/?page_id=15","name":"\u00dcber die Stiftung - Harlander-Stiftung","isPartOf":{"@id":"https:\/\/www.harlander-stiftung.de\/#website"},"datePublished":"2016-02-03T21:29:39+00:00","dateModified":"2026-01-09T16:05:47+00:00","breadcrumb":{"@id":"https:\/\/www.harlander-stiftung.de\/?page_id=15#breadcrumb"},"inLanguage":"de","potentialAction":[{"@type":"ReadAction","target":["https:\/\/www.harlander-stiftung.de\/?page_id=15"]}]},{"@type":"BreadcrumbList","@id":"https:\/\/www.harlander-stiftung.de\/?page_id=15#breadcrumb","itemListElement":[{"@type":"ListItem","position":1,"name":"Startseite","item":"https:\/\/www.harlander-stiftung.de\/"},{"@type":"ListItem","position":2,"name":"Die Harlander-Stiftung","item":"https:\/\/www.harlander-stiftung.de\/?page_id=2"},{"@type":"ListItem","position":3,"name":"\u00dcber die Stiftung"}]},{"@type":"WebSite","@id":"https:\/\/www.harlander-stiftung.de\/#website","url":"https:\/\/www.harlander-stiftung.de\/","name":"Harlander-Stiftung","description":"Zukunft durch Bildung","publisher":{"@id":"https:\/\/www.harlander-stiftung.de\/#organization"},"potentialAction":[{"@type":"SearchAction","target":{"@type":"EntryPoint","urlTemplate":"https:\/\/www.harlander-stiftung.de\/?s={search_term_string}"},"query-input":{"@type":"PropertyValueSpecification","valueRequired":true,"valueName":"search_term_string"}}],"inLanguage":"de"},{"@type":"Organization","@id":"https:\/\/www.harlander-stiftung.de\/#organization","name":"Harlander-Stiftung","url":"https:\/\/www.harlander-stiftung.de\/","logo":{"@type":"ImageObject","inLanguage":"de","@id":"https:\/\/www.harlander-stiftung.de\/#\/schema\/logo\/image\/","url":"https:\/\/www.harlander-stiftung.de\/wp-content\/uploads\/2016\/02\/cropped-cropped-Galaxy-Desktop-Wallpapers-1.jpg","contentUrl":"https:\/\/www.harlander-stiftung.de\/wp-content\/uploads\/2016\/02\/cropped-cropped-Galaxy-Desktop-Wallpapers-1.jpg","width":290,"height":70,"caption":"Harlander-Stiftung"},"image":{"@id":"https:\/\/www.harlander-stiftung.de\/#\/schema\/logo\/image\/"}}]}},"_links":{"self":[{"href":"https:\/\/www.harlander-stiftung.de\/index.php?rest_route=\/wp\/v2\/pages\/15","targetHints":{"allow":["GET"]}}],"collection":[{"href":"https:\/\/www.harlander-stiftung.de\/index.php?rest_route=\/wp\/v2\/pages"}],"about":[{"href":"https:\/\/www.harlander-stiftung.de\/index.php?rest_route=\/wp\/v2\/types\/page"}],"author":[{"embeddable":true,"href":"https:\/\/www.harlander-stiftung.de\/index.php?rest_route=\/wp\/v2\/users\/1"}],"replies":[{"embeddable":true,"href":"https:\/\/www.harlander-stiftung.de\/index.php?rest_route=%2Fwp%2Fv2%2Fcomments&post=15"}],"version-history":[{"count":5,"href":"https:\/\/www.harlander-stiftung.de\/index.php?rest_route=\/wp\/v2\/pages\/15\/revisions"}],"predecessor-version":[{"id":419,"href":"https:\/\/www.harlander-stiftung.de\/index.php?rest_route=\/wp\/v2\/pages\/15\/revisions\/419"}],"up":[{"embeddable":true,"href":"https:\/\/www.harlander-stiftung.de\/index.php?rest_route=\/wp\/v2\/pages\/2"}],"wp:attachment":[{"href":"https:\/\/www.harlander-stiftung.de\/index.php?rest_route=%2Fwp%2Fv2%2Fmedia&parent=15"}],"curies":[{"name":"wp","href":"https:\/\/api.w.org\/{rel}","templated":true}]}}